ctors of 2324957.
2324957
List the prime factors of 156080.
2, 5, 1951
What are the prime factors of 370673?
370673
What are the prime factors of 1950338?
2, 13, 75013
List the prime factors of 112615.
5, 101, 223
What are the prime factors of 307938?
2, 3, 17, 3019
List the prime factors of 36523821.
3, 859, 14173
What are the prime factors of 16258488?
2, 3, 67, 10111
List the prime factors of 1257458.
2, 19, 33091
List the prime factors of 414263.
349, 1187
List the prime factors of 4890546.
2, 3, 97, 2801
What are the prime factors of 37617041?
7, 11, 457, 1069
List the prime factors of 212792.
2, 67, 397
What are the prime factors of 317936?
2, 31, 641
What are the prime factors of 11360994?
2, 3, 71, 26669
List the prime factors of 199566.
2, 3, 11087
List the prime factors of 30753.
3, 17, 67
What are the prime factors of 2881031?
2881031
What are the prime factors of 177765?
3, 5, 7, 1693
List the prime factors of 2024376.
2, 3, 84349
What are the prime factors of 16824643?
11, 1529513
List the prime factors of 188967.
3, 62989
What are the prime factors of 11022037?
13, 23, 191, 193
List the prime factors of 3433428.
2, 3, 10597
List the prime factors of 80611.
80611
What are the prime factors of 3792187?
7, 61, 83, 107
List the prime factors of 4791345.
3, 5, 13, 24571
List the prime factors of 55647.
3, 229
What are the prime factors of 814315?
5, 23, 73, 97
List the prime factors of 1968238.
2, 984119
List the prime factors of 1136386.
2, 568193
List the prime factors of 1892742.
2, 3, 19, 16603
List the prime factors of 522673.
522673
What are the prime factors of 174650?
2, 5, 7, 499
What are the prime factors of 48751?
48751
What are the prime factors of 27740603?
11, 181, 13933
List the prime factors of 5941977.
3, 1980659
What are the prime factors of 76621?
193, 397
What are the prime factors of 443547?
3, 13, 17, 223
List the prime factors of 1172699.
11, 19, 31, 181
What are the prime factors of 443269?
31, 79, 181
What are the prime factors of 2274459?
3, 11, 157, 439
What are the prime factors of 5621753?
5621753
List the prime factors of 45819.
3, 1697
What are the prime factors of 3350187?
3, 167, 743
List the prime factors of 300731.
31, 89, 109
List the prime factors of 30678455.
5, 17, 41, 8803
What are the prime factors of 14494517?
443, 32719
What are the prime factors of 22718?
2, 37, 307
What are the prime factors of 5695440?
2, 3, 5, 19, 1249
What are the prime factors of 4880168?
2, 271, 2251
List the prime factors of 10334.
2, 5167
What are the prime factors of 41493?
3, 13831
List the prime factors of 150278.
2, 29, 2591
What are the prime factors of 10799783?
233, 46351
List the prime factors of 4032311.
131, 30781
List the prime factors of 75042.
2, 3, 11, 379
What are the prime factors of 396709?
396709
What are the prime factors of 374409?
3, 7, 283
List the prime factors of 3578679.
3, 13, 73, 419
List the prime factors of 97055.
5, 7, 47, 59
List the prime factors of 6054194.
2, 151, 20047
List the prime factors of 3101349.
3, 1033783
What are the prime factors of 12621637?
7, 151, 11941
List the prime factors of 324351.
3, 41, 293
What are the prime factors of 2077961?
17, 31, 3943
What are the prime factors of 1790836?
2, 73, 6133
List the prime factors of 13597009.
719, 18911
List the prime factors of 38804.
2, 89, 109
What are the prime factors of 567909?
3, 89, 709
List the prime factors of 2349237.
3, 11, 257, 277
What are the prime factors of 3557560?
2, 5, 19, 31, 151
List the prime factors of 2954763.
3, 7, 46901
What are the prime factors of 386166?
2, 3, 11, 5851
List the prime factors of 25574224.
2, 13, 122953
List the prime factors of 262946.
2, 73, 1801
List the prime factors of 221259.
3, 131, 563
What are the prime factors of 23919802?
2, 11959901
What are the prime factors of 1477007?
7, 43, 701
List the prime factors of 377760.
2, 3, 5, 787
What are the prime factors of 487603?
487603
List the prime factors of 5301852.
2, 3, 181, 2441
List the prime factors of 19955759.
19955759
List the prime factors of 19078.
2, 9539
List the prime factors of 23170608.
2, 3, 160907
What are the prime factors of 3050172?
2, 3, 193, 439
What are the prime factors of 1331363?
11, 11003
List the prime factors of 7302243.
3, 13, 187237
What are the prime factors of 552700?
2, 5, 5527
List the prime factors of 1511001.
3, 191, 293
List the prime factors of 26584.
2, 3323
List the prime factors of 22413855.
3, 5, 1494257
What are the prime factors of 1813287?
3, 7, 79, 1093
What are the prime factors of 25502024?
2, 3187753
List the prime factors of 1359812.
2, 61, 5573
What are the prime factors of 422938?
2, 211469
What are the prime factors of 401049?
3, 11, 4051
What are the prime factors of 21599523?
3, 11, 19, 11483
What are the prime factors of 2953102?
2, 1476551
List the prime factors of 2832415.
5, 643, 881
What are the prime factors of 570140?
2, 5, 29, 983
What are the prime factors of 6804263?
37, 173, 1063
What are the prime factors of 478147?
23, 20789
What are the prime factors of 9638100?
2, 3, 5, 10709
What are the prime factors of 20625009?
3, 41, 167683
What are the prime factors of 30125?
5, 241
List the prime factors of 9913177.
43, 230539
What are the prime factors of 14459289?
3, 13, 229, 1619
List the prime factors of 890302.
2, 7, 19, 3347
What are the prime factors of 832505?
5, 31, 41, 131
List the prime factors of 2065031.
2065031
What are the prime factors of 424875?
3, 5, 11, 103
List the prime factors of 359202.
2, 3, 131, 457
List the prime factors of 803770.
2, 5, 11, 7307
List the prime factors of 24131.
59, 409
List the prime factors of 10416497.
7, 13, 114467
List the prime factors of 362092.
2, 90523
List the prime factors of 129779.
13, 67, 149
What are the prime factors of 4864626?
2, 3, 13, 20789
List the prime factors of 8826453.
3, 980717
What are the prime factors of 134908?
2, 29, 1163
List the prime factors of 8066970.
2, 3, 5, 89633
What are the prime factors of 26028590?
2, 5, 7, 371837
List the prime factors of 22910116.
2, 23, 29, 31, 277
What are the prime factors of 11444644?
2, 2861161
List the prime factors of 1671321.
3, 17, 32771
List the prime factors of 900962.
2, 450481
What are the prime factors of 2444433?
3, 83, 9817
What are the prime factors of 1464596?
2, 7, 19, 2753
What are the prime factors of 701173?
11, 63743
What are the prime factors of 3919327?
3919327
What are the prime factors of 2947374?
2, 3, 54581
List the prime factors of 968189.
239, 4051
List the prime factors of 377721.
3, 41969
List the prime factors of 1980280.
2, 5, 31, 1597
List the prime factors of 8046255.
3, 5, 7, 76631
List the prime factors of 102991.
7, 14713
List the prime factors of 471487.
471487
What are the prime factors of 19863533?
419, 47407
List the prime factors of 1360275.
3, 5, 7, 2591
What are the prime factors of 557809?
7, 79687
What are the prime factors of 61845?
3, 5, 7, 19, 31
List the prime factors of 1283519.
67, 19157
List the prime factors of 194817.
3, 7, 9277
List the prime factors of 2768998.
2, 1384499
List the prime factors of 396741.
3, 132247
What are the prime factors of 1404902?
2, 702451
List the prime factors of 15221930.
2, 5, 31, 49103
What are the prime factors of 3406424?
2, 7, 59, 1031
List the prime factors of 136390.
2, 5, 23, 593
What are the prime factors of 189410?
2, 5, 13, 31, 47
What are the prime factors of 1447234?
2, 723617
List the prime factors of 123406.
2, 61703
What are the prime factors of 12037036?
2, 11, 273569
What are the prime factors of 13204380?
2, 3, 5, 7, 149, 211
List the prime factors of 1807522.
2, 903761
List the prime factors of 16860883.
13, 73, 109, 163
List the prime factors of 2592913.
2592913
List the prime factors of 3022994.
2, 13, 116269
What are the prime factors of 15588818?
2, 7, 647, 1721
List the prime factors of 38875.
5, 311
List the prime factors of 1099239.
3, 23, 89, 179
What are the prime factors of 443430?
2, 3, 5, 13, 379
List the prime factors of 125643.
3, 7, 31, 193
What are the prime factors of 2711327?
2711327
What are the prime factors of 36518477?
131, 278767
List the prime factors of 154308.
2, 3, 7, 11, 167
What are the prime factors of 7027903?
23, 59, 5179
List